test common factor of 60 and l.
6
Let i be -13 - (-1 - (-3)/(-1)). Let v(d) = -d + 40. Let n be v(i). Let p = 697 - 354. What is the highest common divisor of p and n?
49
Suppose 0 = x + 2*a + a - 44, -4*a = -6*x + 198. Calculate the highest common factor of x and 4466.
7
Let h(q) = -2*q**2 + 3*q + 8. Let b be h(-2). Let p = b - -7. Let i be 3/p + -15 + 33. Calculate the greatest common factor of 63 and i.
21
Let p be (374/(-6))/(2/(-12)). Let l be (-1 - 143/(-6)) + 45/(-54). Calculate the greatest common divisor of l and p.
22
Suppose 46*b - 103*b + 13728 = 9*b. What is the highest common divisor of b and 2132?
52
Suppose -6*j = j - 21. Suppose -3*m + i = 28, -j*m + 3*i = -2*i + 20. Let h be (152/(-10))/(4/m). Calculate the highest common factor of h and 95.
19
Let q = -251 - -270. Suppose -1132 = -q*z + 65. What is the greatest common divisor of 441 and z?
63
Let p(k) = 64*k**2 - 3199*k. Let z be p(50). Calculate the greatest common divisor of 4025 and z.
25
Let j(w) = w**2. Let u(p) = p**3 - 8*p**2 + 6*p - 1. Let n(m) = -6*j(m) - u(m). Let x be n(4). Let r = x + 57. What is the highest common divisor of r and 1?
1
Suppose 5*w - 852 - 938 = 0. Let g be (-3)/4 - w/(-8). Suppose 5*v + 3*f - 40 = 0, -134*f + 132*f + 12 = 2*v. Calculate the greatest common divisor of g and v.
11
Let p(y) = y**2 - 11*y + 4. Let a be p(9). Let j be a*(-4)/16*40*1. Let q = j + 21. Calculate the highest common divisor of q and 23.
23
Let a(h) = 876*h + 334. Let p be a(6). Calculate the highest common divisor of p and 65.
65
Let o(v) = 7*v**3 - 257*v**2 - 22*v + 1. Let r be o(37). Calculate the highest common factor of 44 and r.
11
Suppose 509*p + 11000 = 531*p. Calculate the highest common divisor of 20 and p.
20
Let j(w) = 9*w - 50. Let i be j(10). Suppose -58 = -a - 4*m, 2*a - 4*a + 102 = m. What is the greatest common divisor of i and a?
10
Let t be (0 - -145) + 7 + -10. Let c(f) = -t*f + 5 + f**2 + 4 + 6 + 143*f. Let n be c(0). Calculate the highest common divisor of n and 45.
15
Let j = 204 + -85. Let p(o) = -11*o + 358. Let f be p(30). Calculate the greatest common factor of f and j.
7
Let z(j) = j + 1. Suppose 18 + 6 = 6*m. Let f be z(m). Let r(p) = 8*p + 3. Let d be r(f). What is the greatest common factor of 86 and d?
43
Let p = 11717 + -11029. What is the highest common divisor of 208 and p?
16
Let y be (319/33)/(2 + 34/(-18)). What is the greatest common divisor of y and 27?
3
Suppose 2*q - 65 = -2*b + 31, -3*b = -2*q + 101. Let l = -54 + 109. Let s = l - 48. Calculate the highest common divisor of s and q.
7
Suppose 32 = h + 4*a, -538*a + 73 = 2*h - 533*a. What is the highest common divisor of 1188 and h?
44
Let f = 153 + -675. Let n be -3 - (f - 5/((-25)/10)). Calculate the highest common factor of 11 and n.
11
Let r be (4 + -5)/(-3 + 105/36). Let m be r/(-6*(-4)/18). Let h be 3 - 6/m*402/(-4). What is the highest common divisor of 105 and h?
35
Let b(o) = -57*o - 1. Let j be b(-1). Let q = -31 + j. Let h = q + 2. What is the highest common factor of h and 18?
9
Let d(x) = -5*x - 14 - 36 + 16. Let w be d(-9). Calculate the greatest common factor of 66 and w.
11
Suppose 32*f + 15*f = 5308 + 2212. Calculate the highest common factor of f and 224.
32
Let z(c) = -c**3 + 33*c**2 - 153*c - 291. Let w be z(24). Calculate the greatest common divisor of w and 18.
3
Let p(k) = -k**3 - 16*k**2 + 17*k + 3. Let a be p(-17). Suppose 15 = a*q - 18. Let v = -265 - -386. What is the highest common factor of q and v?
11
Let h be ((-16)/(-6) + -2)/((-16)/(-2856)). Calculate the greatest common factor of 833 and h.
119
Let n be (426/994)/(4/14)*(-16)/(-2). What is the greatest common divisor of n and 267?
3
Let q be 8767485/161 - 12/28. What is the highest common factor of 12 and q?
12
Let r(w) = w**3 - 12*w**2 + 2*w - 20. Let b be r(12). Let x = 2 + 2. Suppose m - b = -o, 6*m - x*m = o + 2. What is the highest common factor of o and 1?
1
Let t = -17720 + 25519. What is the highest common divisor of 11 and t?
11
Suppose -d + 99 = 4*d - 2*i, -2*d + 27 = -5*i. Suppose -9 = -3*n + d. Calculate the greatest common divisor of 65 and n.
5
Let m(l) = -12*l - 37. Let w be m(-3). Let g(c) = 5*c + 37. Let p be g(w). What is the highest common divisor of p and 1312?
32
Let d(o) = 28*o**2 + 92*o - 547. Let k be d(29). Calculate the greatest common divisor of k and 133.
133
Let q = -817 - -1216. Suppose -8*z + q = -5*z. Let d = z - 49. Calculate the greatest common factor of 28 and d.
28
Let i(u) = 320*u - 616. Let l be i(26). What is the highest common divisor of l and 72?
72
Suppose 2*l = -2*y + 186, 10*y + 121 = l + 7*y. What is the highest common factor of l and 56?
4
Suppose -2*n = -61 - 17. Let f be (-3 - n/(-15))*10. Let p be 34 - (2 + -22)/f. What is the highest common divisor of p and 29?
29
Let o(p) = -21*p + 42. Let w be o(-11). What is the greatest common factor of w and 3640?
91
Suppose y = -5*q + 27, -3*y + 3*q + 31 = 4. Suppose i + n - 49 = 2*n, 3*n + 201 = 4*i. What is the greatest common divisor of y and i?
6
Let y = 1248 + -1208. Suppose -4*a + 48 = -a. What is the highest common divisor of y and a?
8
Let f = -9331 - -15523. Suppose -f = -29*o - 14*o. What is the highest common factor of o and 36?
36
Let f be (12/(-20))/((-101)/20 + 5). Calculate the highest common divisor of f and 4236.
12
Let d(u) = u**3 - u**2 - u + 216. Let k be d(0). Suppose -211*r + 9529 + 599 = 0. What is the greatest common factor of r and k?
24
Let d be (126/(-105) - 1583469/(-195)) + (-16)/104. What is the greatest common divisor of d and 92?
23
Let b be 2/1 - -21 - (-324 - -333). Suppose 511 = 2*z - 245. Calculate the greatest common divisor of z and b.
14
Let p(n) = 20*n**2 - 134*n + 25. Let j be p(10). What is the highest common factor of j and 5?
5
Let x(p) = -10*p - 58. Let g be x(-7). Let t = -127 + 84. Let h = t - -47. What is the highest common divisor of h and g?
4
Let b be (1 + -4 + 1587/(-2))*(-160)/48. What is the highest common factor of b and 3?
3
Let y = -127 + 129. Suppose t = y*q + 9, -1 = 2*t - 5*q - 16. Let u = 9 + -4. Calculate the highest common divisor of t and u.
5
Suppose -4*c + 1232 + 128 = 0. Let t be (84 + -78)*(-1)/(6/(-20)). Calculate the highest common divisor of c and t.
20
Let x(g) = -g**3 + 16*g**2 - 43*g - 20. Let l be x(11). Calculate the greatest common factor of 420 and l.
28
Let j(g) be the third derivative of -g**4/6 + 12*g**2. Let l be j(-4). Let h be 5*((-12)/1)/(45/(-30)). What is the highest common divisor of h and l?
8
Let w = -43 + 49. Suppose 0 = 3*k + w*k - 81. Suppose 2*o - 503 = -5*c + 4*o, 0 = -5*c - 5*o + 475. Calculate the highest common factor of c and k.
9
Let d(z) = -z**3 - 4*z**2 + 6*z - 15. Let i be d(-6). Suppose -9*k + i*k = 348. Calculate the greatest common divisor of 232 and k.
29
Suppose 234 = 41*c - 2*c. Calculate the highest common factor of c and 363.
3
Suppose 2*j - 35 = 119. Suppose 2*l = -3*v + 34, -2*l + 2*v = l - j. Let m = l + -8. What is the highest common divisor of 105 and m?
15
Let q(u) = u**3 - 418*u + 2434. Let j be q(6). Calculate the highest common divisor of j and 34222.
142
Let m be (34/(-2))/(32/(-64)). What is the greatest common divisor of 901 and m?
17
Suppose -279*s = -298*s + 1558. Calculate the greatest common divisor of s and 3772.
82
Let c(s) = -s**3 - 8*s**2 - 21*s - 25. Let q be c(-5). Calculate the highest common divisor of q and 6.
1
Suppose -w + 5*f + 24892 + 16372 = 0, 41345 = w + 4*f. Calculate the highest common divisor of w and 818.
409
Suppose -56*y - 460720 = -160*y. What is the highest common factor of 30 and y?
10
Let d be (-16)/(-3)*(-15)/(-20) + -1. Suppose 8 = d*f - f + 2*g, 0 = 4*f - 5*g - 25. What is the greatest common factor of f and 115?
5
Suppose 98 + 189 = 62*w - 209. What is the highest common divisor of 49 and w?
1
Suppose 0 = c + 2*c - 18. Let d be (-172)/(-3)*(-112)/(-32)*(-27)/(-21). Calculate the highest common divisor of d and c.
6
Let z be 19 + ((-6)/1)/(-2). Suppose -3*r = 7 - z. Suppose -4*s = -5*s + r. What is the highest common divisor of s and 55?
5
Let h be ((-14)/(-8))/(1/(-218)*14/(-84)). What is the highest common factor of 168 and h?
21
Suppose 52 = 3*u - 140. Let f(o) = -22*o + 3*o + 26 + 16*o + 7 + 37. Let n be f(22). What is the highest common factor of 